{"id":35,"date":"2015-03-06T18:58:36","date_gmt":"2015-03-06T16:58:36","guid":{"rendered":"http:\/\/gunnesfelag.nu\/index_temp.php\/?page_id=35"},"modified":"2026-04-02T08:59:47","modified_gmt":"2026-04-02T06:59:47","slug":"vikingatida-hostmarknad","status":"publish","type":"page","link":"https:\/\/gunnesfelag.nu\/?page_id=35","title":{"rendered":"Vikingatida h\u00f6stmarknad p\u00e5 Gunnes g\u00e5rd"},"content":{"rendered":"<p><img loading=\"lazy\" decoding=\"async\" class=\"alignnone size-medium wp-image-1286\" src=\"http:\/\/gunnesfelag.nu\/wp-content\/uploads\/2025\/05\/Banner_Marknad-800x504.png\" alt=\"\" width=\"800\" height=\"504\" srcset=\"https:\/\/gunnesfelag.nu\/wp-content\/uploads\/2025\/05\/Banner_Marknad-800x504.png 800w, https:\/\/gunnesfelag.nu\/wp-content\/uploads\/2025\/05\/Banner_Marknad-1080x680.png 1080w, https:\/\/gunnesfelag.nu\/wp-content\/uploads\/2025\/05\/Banner_Marknad-768x484.png 768w, https:\/\/gunnesfelag.nu\/wp-content\/uploads\/2025\/05\/Banner_Marknad-1536x967.png 1536w, https:\/\/gunnesfelag.nu\/wp-content\/uploads\/2025\/05\/Banner_Marknad-2048x1290.png 2048w, https:\/\/gunnesfelag.nu\/wp-content\/uploads\/2025\/05\/Banner_Marknad-676x426.png 676w\" sizes=\"auto, (max-width: 800px) 100vw, 800px\" \/><\/p>\n<h3><strong>Gunnes Felag och Gunnes g\u00e5rd inbjuder till vikingatida marknad p\u00e5 Gunnes g\u00e5rd, Upplands V\u00e4sby, den 5 &#8211; 6 september 2026.<\/strong><\/h3>\n<p>Vi hoppas s\u00e5 klart att \u00e5rets marknad blir minst lika bra som f\u00f6rra \u00e5rets marknad, med \u00e4nnu fler f\u00f6rs\u00e4ljare, \u00e4nnu fler bes\u00f6kare, \u00e4nnu h\u00e4ftigare stridsuppvisning,\u00a0 och \u00e4nnu b\u00e4ttre v\u00e4der.<\/p>\n<p>Vill du ans\u00f6ka om att vara f\u00f6rs\u00e4ljare, bo och visa upp ditt hantverk i v\u00e5r hantverksby eller bara komma och bo p\u00e5 g\u00e5rden under helgen?<\/p>\n<p style=\"text-align: center;\"><b>Anm\u00e4lan till \u00e5rets marknad som s\u00e4ljare, hantverkare eller boende finns p\u00e5 marknadens hemsida <a href=\"https:\/\/vikingamarknad.se\/\">Vikingamarknad.se<\/a>.<\/b><\/p>\n<p>D\u00e4r finns mer information om marknaden, bilder och annat matnyttigt.<\/p>\n<p><span style=\"font-weight: 400;\">Varmt v\u00e4lkomna \u00f6nskar Marknadsgruppen, Gunnes felag och Vikingag\u00e5rden Gunnes g\u00e5rd.<\/span><\/p>\n\n\n<p><\/p>\n\n\n\n<p><\/p>\n\n\n\n<p><\/p>\n","protected":false},"excerpt":{"rendered":"<p>Gunnes Felag och Gunnes g\u00e5rd inbjuder till vikingatida marknad p\u00e5 Gunnes g\u00e5rd, Upplands V\u00e4sby, den 5 &#8211; 6 september 2026. Vi hoppas s\u00e5 klart att \u00e5rets marknad blir minst lika bra som f\u00f6rra \u00e5rets marknad, med \u00e4nnu fler f\u00f6rs\u00e4ljare, \u00e4nnu fler bes\u00f6kare, \u00e4nnu h\u00e4ftigare stridsuppvisning,\u00a0 och \u00e4nnu b\u00e4ttre v\u00e4der. Vill du ans\u00f6ka om att vara [&hellip;]<\/p>\n","protected":false},"author":1,"featured_media":0,"parent":0,"menu_order":10,"comment_status":"closed","ping_status":"closed","template":"","meta":{"footnotes":""},"class_list":["post-35","page","type-page","status-publish","hentry","post-preview"],"_links":{"self":[{"href":"https:\/\/gunnesfelag.nu\/index.php?rest_route=\/wp\/v2\/pages\/35","targetHints":{"allow":["GET"]}}],"collection":[{"href":"https:\/\/gunnesfelag.nu\/index.php?rest_route=\/wp\/v2\/pages"}],"about":[{"href":"https:\/\/gunnesfelag.nu\/index.php?rest_route=\/wp\/v2\/types\/page"}],"author":[{"embeddable":true,"href":"https:\/\/gunnesfelag.nu\/index.php?rest_route=\/wp\/v2\/users\/1"}],"replies":[{"embeddable":true,"href":"https:\/\/gunnesfelag.nu\/index.php?rest_route=%2Fwp%2Fv2%2Fcomments&post=35"}],"version-history":[{"count":92,"href":"https:\/\/gunnesfelag.nu\/index.php?rest_route=\/wp\/v2\/pages\/35\/revisions"}],"predecessor-version":[{"id":1352,"href":"https:\/\/gunnesfelag.nu\/index.php?rest_route=\/wp\/v2\/pages\/35\/revisions\/1352"}],"wp:attachment":[{"href":"https:\/\/gunnesfelag.nu\/index.php?rest_route=%2Fwp%2Fv2%2Fmedia&parent=35"}],"curies":[{"name":"wp","href":"https:\/\/api.w.org\/{rel}","templated":true}]}}